
f
What is 1112 (base 3) in base 11?
38
-d (base 15) to base 8
-15
What is -1 (base 12) in base 3?
-1
-1 (base 13) to base 9
-1
-233 (base 5) to base 3
-2112
Convert 97 (base 12) to base 15.
7a
-2 (base 9) to base 14
-2
What is 1 (base 16) in base 2?
1
-3 (base 8) to base 12
-3
Convert 9 (base 13) to base 15.
9
Convert -11 (base 11) to base 4.
-30
What is -3 (base 8) in base 10?
-3
Convert 4 (base 10) to base 6.
4
Convert -5 (base 6) to base 13.
-5
What is 103 (base 7) in base 9?
57
Convert 352 (base 8) to base 6.
1030
What is -7 (base 13) in base 11?
-7
What is -11 (base 3) in base 8?
-4
What is -104 (base 10) in base 12?
-88
What is 118 (base 11) in base 7?
260
What is 4 (base 9) in base 7?
4
What is -12 (base 7) in base 12?
-9
What is -1b (base 13) in base 12?
-20
What is 3e (base 16) in base 7?
116
Convert -3011 (base 4) to base 2.
-11000101
What is -102 (base 3) in base 13?
-b
What is -1 (base 5) in base 2?
-1
What is -4 (base 15) in base 6?
-4
What is 141 (base 5) in base 16?
2e
-12 (base 15) to base 2
-10001
What is -11001 (base 3) in base 8?
-155
What is -12101 (base 3) in base 2?
-10010001
Convert -b (base 14) to base 15.
-b
28 (base 12) to base 7
44
What is -11 (base 2) in base 13?
-3
What is -8 (base 10) in base 8?
-10
What is -56 (base 8) in base 9?
-51
What is 5a (base 14) in base 15?
55
10 (base 2) to base 9
2
What is -3 (base 9) in base 12?
-3
What is -1102 (base 4) in base 16?
-52
0 (base 4) to base 15
0
What is 1 (base 10) in base 9?
1
3 (base 16) to base 11
3
Convert 12 (base 3) to base 16.
5
-4 (base 15) to base 12
-4
4 (base 14) to base 3
11
Convert 231 (base 5) to base 6.
150
7 (base 15) to base 13
7
-11 (base 12) to base 13
-10
What is 5 (base 8) in base 10?
5
0 (base 16) to base 9
0
Convert -1120 (base 3) to base 10.
-42
Convert 2 (base 4) to base 14.
2
-5a (base 11) to base 13
-50
What is 115 (base 6) in base 16?
2f
What is 1d (base 14) in base 6?
43
-20 (base 6) to base 9
-13
1 (base 14) to base 15
1
-1 (base 11) to base 5
-1
Convert 3 (base 6) to base 9.
3
Convert 11 (base 11) to base 3.
110
What is 2323 (base 4) in base 2?
10111011
-1010 (base 2) to base 5
-20
-160 (base 7) to base 10
-91
30 (base 5) to base 11
14
266 (base 9) to base 5
1342
What is 5b (base 15) in base 11?
79
Convert -10 (base 3) to base 9.
-3
What is 21 (base 5) in base 12?
b
Convert -111 (base 2) to base 14.
-7
-10 (base 12) to base 14
-c
Convert -7 (base 15) to base 6.
-11
What is 1 (base 16) in base 3?
1
2 (base 10) to base 3
2
Convert 51 (base 7) to base 15.
26
What is -11 (base 15) in base 9?
-17
Convert 0 (base 9) to base 16.
0
What is 4c (base 15) in base 6?
200
433 (base 5) to base 14
86
Convert -15 (base 8) to base 11.
-12
What is -324 (base 7) in base 4?
-2211
What is 30 (base 12) in base 14?
28
12 (base 16) to base 9
20
15 (base 12) to base 10
17
What is -201 (base 8) in base 3?
-11210
2e (base 15) to base 11
40
-27 (base 9) to base 16
-19
What is 22 (base 6) in base 3?
112
What is 2 (base 13) in base 4?
2
Convert -1442 (base 5) to base 16.
-f7
Convert -22 (base 11) to base 14.
-1a
What is 46 (base 7) in base 16?
22
What is 12 (base 3) in base 15?
5
-a (base 12) to base 9
-11
What is -24 (base 5) in base 8?
-16
Convert -100 (base 2) to base 3.
-11
What is 30 (base 14) in base 8?
52
What is -7 (base 13) in base 8?
-7
What is 143 (base 5) in base 15?
33
15 (base 15) to base 5
40
Convert -1 (base 12) to base 2.
-1
Convert -31 (base 4) to base 13.
-10
What is -6 (base 12) in base 8?
-6
Convert 2 (base 15) to base 13.
2
Convert 21222 (base 3) to base 16.
d7
-203 (base 4) to base 3
-1022
-122 (base 3) to base 16
-11
What is 20 (base 9) in base 3?
200
What is 0 (base 7) in base 15?
0
100 (base 2) to base 4
10
What is -12 (base 5) in base 13?
-7
Convert -26 (base 10) to base 15.
-1b
b7 (base 13) to base 3
12120
What is -52 (base 7) in base 6?
-101
What is -100000 (base 2) in base 5?
-112
What is -5 (base 11) in base 4?
-11
-10210 (base 3) to base 12
-86
What is 21212 (base 3) in base 11?
183
What is 7a (base 15) in base 3?
11021
Convert -11212 (base 3) to base 5.
-1011
Convert -4d (base 16) to base 7.
-140
Convert -92 (base 10) to base 8.
-134
0 (base 5) to base 9
0
Convert -9 (base 12) to base 8.
-11
6 (base 16) to base 2
110
What is -8 (base 12) in base 7?
-11
What is -4 (base 16) in base 10?
-4
What is 28 (base 15) in base 5?
123
What is 2 (base 6) in base 9?
2
Convert -1 (base 4) to base 6.
-1
Convert -166 (base 7) to base 8.
-141
What is -3 (base 9) in base 16?
-3
What is -22 (base 3) in base 9?
-8
-11100111 (base 2) to base 6
-1023
-118 (base 11) to base 7
-260
127 (base 8) to base 13
69
What is -55 (base 9) in base 5?
-200
What is 1 (base 3) in base 9?
1
What is 10 (base 2) in base 16?
2
Convert 1b (base 13) to base 7.
33
Convert -32 (base 8) to base 6.
-42
Convert 1020 (base 3) to base 6.
53
Convert 261 (base 7) to base 9.
166
135 (base 6) to base 13
47
Convert 132 (base 4) to base 8.
36
What is 4 (base 13) in base 12?
4
What is -423 (base 9) in base 4?
-11121
Convert -23 (base 10) to base 14.
-19
-11 (base 3) to base 12
-4
What is 5 (base 13) in base 7?
5
Convert -1010 (base 3) to base 5.
-110
What is 14a (base 12) in base 15?
d7
What is 111 (base 3) in base 7?
16
7 (base 11) to base 12
7
Convert -15 (base 9) to base 8.
-16
What is 4 (base 10) in base 14?
4
Convert 1 (base 7) to base 4.
1
3 (base 5) to base 2
11
What is 6d (base 16) in base 11?
9a
Convert 2 (base 8) to base 4.
2
11 (base 7) to base 3
22
Convert 5 (base 14) to base 5.
10
-15 (base 12) to base 11
-16
What is 5 (base 10) in base 3?
12
Convert 50 (base 8) to base 12.
34
Convert -6 (base 10) to base 13.
-6
What is 53 (base 14) in base 4?
1021
What is -13 (base 6) in base 2?
-1001
-122 (base 10) to base 3
-11112
1 (base 9) to base 8
1
Convert 11010 (base 2) to base 13.
20
What is -6 (base 11) in base 10?
-6
What is -2 (base 14) in base 4?
-2
What is -1 (base 11) in base 5?
-1
What is -1 (base 2) in base 5?
-1
-76 (base 12) to base 11
-82
-10 (base 10) to base 9
-11
Convert 13 (base 6) to base 9.
10
1 (base 10) to base 14
1
Convert -1 (base 8) to base 3.
-1
What is 4 (base 14) in base 10?
4
-4 (base 15) to base 9
-4
143 (base 10) to base 13
b0
What is -6 (base 15) in base 12?
-6
What is -22 (base 5) in base 10?
-12
Convert 7 (base 13) to base 3.
21
What is 210 (base 4) in base 13?
2a
-11 (base 11) to base 13
-c
Convert -10 (base 3) to base 6.
-3
Convert -5 (base 10) to base 16.
-5
What is 370 (base 9) in base 11?
259
Convert -52 (base 9) to base 7.
-65
What is 5 (base 15) in base 12?
5
Convert -3 (base 13) to base 9.
-3
What is 0 (base 16) in base 9?
0
1111 (base 2) to base 11
14
Convert -10 (base 2) to base 4.
-2
Convert 31 (base 16) to base 13.
3a
Convert -63 (base 12) to base 15.
-50
Convert 3 (base 14) to base 2.
11
Convert -25 (base 8) to base 2.
-10101
Convert 1 (base 4) to base 5.
1
Convert -1 (base 10) to base 9.
-1
What is 11100 (base 2) in base 14?
20
-1 (base 9) to base 3
-1
-2 (base 6) to base 11
-2
34 (base 5) to base 14
15
Convert -1 (base 12) to base 3.
-1
Convert -9 (base 14) to base 3.
-100
Convert 1100111 (base 2) to base 3.
10211
What is 20 (base 4) in base 11?
8
Convert 5 (base 7) to base 16.
5
Convert 0 (base 4) to base 11.
0
Convert d (base 15) to base 5.
23
What is -9 (base 11) in base 5?
-14
16 (base 13) to base 4
103
What is -15 (base 11) in base 4?
-100
What is 100000001 (base 2) in base 9?
315
What is 1121 (base 3) in base 15?
2d
-3 (base 5) to base 8
-3
2003 (base 4) to base 2
10000011
-63 (base 14) to base 4
-1113
-48 (base 16) to base 8
-110
-453 (base 6) to base 14
-c9
-5 (base 9) to base 4
-11
17 (base 9) to base 10
16
6 (base 10) to base 8
6
What is -8 (base 9) in base 13?
-8
-2 (base 11) to base 15
-2
Convert 11010 (base 2) to base 15.
1b
What is 10113 (base 4) in base 6?
1143
Convert 4 (base 16) to base 3.
11
0 (base 12) to base 6
0
Convert 3 (base 7) to base 12.
3
What is -6 (base 10) in base 11?
-6
What is -20 (base 3) in base 8?
-6
-105 (base 6) to base 8
-51
What is 1 (base 9) in base 13?
1
What is -10 (base 11) in base 6?
-15
What is -7 (base 16) in base 6?
-11
Convert 3 (base 8) to base 14.
3
What is 22 (base 4) in base 8?
12
Convert -10 (base 2) to base 7.
-2
301 (base 4) to base 15
34
48 (base 9) to base 3
1122
32 (base 9) to bas